{"id":15951,"date":"2023-04-15T17:26:29","date_gmt":"2023-04-15T17:26:29","guid":{"rendered":"https:\/\/tierbalance.tularis.ch\/?page_id=15951"},"modified":"2025-03-26T07:18:19","modified_gmt":"2025-03-26T07:18:19","slug":"arbeitsweise","status":"publish","type":"page","link":"https:\/\/tierbalance.tularis.ch\/?page_id=15951","title":{"rendered":"Arbeitsweise"},"content":{"rendered":"<style>.elementor-15951 .elementor-element.elementor-element-1afa2efc:not(.elementor-motion-effects-element-type-background), .elementor-15951 .elementor-element.elementor-element-1afa2efc > .elementor-motion-effects-container > .elementor-motion-effects-layer{background-image:url(\"https:\/\/tierbalance.tularis.ch\/wp-content\/uploads\/2023\/03\/about-back.jpg\");background-position:center right;background-size:cover;}.elementor-15951 .elementor-element.elementor-element-1afa2efc{transition:background 0.3s, border 0.3s, border-radius 0.3s, box-shadow 0.3s;margin-top:0px;margin-bottom:0px;padding:150px 220px 150px 220px;}.elementor-15951 .elementor-element.elementor-element-1afa2efc > .elementor-background-overlay{transition:background 0.3s, border-radius 0.3s, opacity 0.3s;}.elementor-15951 .elementor-element.elementor-element-5e503502:not(.elementor-motion-effects-element-type-background) > .elementor-widget-wrap, .elementor-15951 .elementor-element.elementor-element-5e503502 > .elementor-widget-wrap > .elementor-motion-effects-container > .elementor-motion-effects-layer{background-color:var( --e-global-color-primary );}.elementor-15951 .elementor-element.elementor-element-5e503502 > .elementor-element-populated{transition:background 0.3s, border 0.3s, border-radius 0.3s, box-shadow 0.3s;margin:0px 0px 0px 0px;--e-column-margin-right:0px;--e-column-margin-left:0px;padding:155px 170px 155px 170px;}.elementor-15951 .elementor-element.elementor-element-5e503502 > .elementor-element-populated > .elementor-background-overlay{transition:background 0.3s, border-radius 0.3s, opacity 0.3s;}.elementor-15951 .elementor-element.elementor-element-5e503502{z-index:1;}.elementor-15951 .elementor-element.elementor-element-103f9a1d{text-align:center;}.elementor-15951 .elementor-element.elementor-element-103f9a1d .elementor-heading-title{font-family:\"Josefin Sans\", Sans-serif;font-size:50px;font-style:italic;line-height:0.8em;color:#3B585C;}.elementor-15951 .elementor-element.elementor-element-103f9a1d > .elementor-widget-container{margin:0px 0px -40px 0px;}.elementor-15951 .elementor-element.elementor-element-60992b10{--spacer-size:50px;}.elementor-15951 .elementor-element.elementor-element-aa6bf4b{text-align:justify;font-family:\"Josefin Sans\", Sans-serif;font-size:20px;color:#3B585C;}.elementor-15951 .elementor-element.elementor-element-aa6bf4b > .elementor-widget-container{margin:0px 0px 20px 0px;}.elementor-15951 .elementor-element.elementor-element-6be8221f img{max-width:62%;}.elementor-15951 .elementor-element.elementor-element-6be8221f > .elementor-widget-container{margin:0px 0px 20px 0px;}.elementor-15951 .elementor-element.elementor-element-45f69110{text-align:justify;font-family:\"Josefin Sans\", Sans-serif;font-size:20px;color:#3B585C;}.elementor-15951 .elementor-element.elementor-element-25d79be1:not(.elementor-motion-effects-element-type-background), .elementor-15951 .elementor-element.elementor-element-25d79be1 > .elementor-motion-effects-container > .elementor-motion-effects-layer{background-color:var( --e-global-color-accent );}.elementor-15951 .elementor-element.elementor-element-25d79be1{transition:background 0.3s, border 0.3s, border-radius 0.3s, box-shadow 0.3s;margin-top:0px;margin-bottom:0px;padding:0px 0px 0px 0px;}.elementor-15951 .elementor-element.elementor-element-25d79be1 > .elementor-background-overlay{transition:background 0.3s, border-radius 0.3s, opacity 0.3s;}.elementor-15951 .elementor-element.elementor-element-6cc499d{margin-top:100px;margin-bottom:100px;}.elementor-15951 .elementor-element.elementor-element-3e391419{--spacer-size:10px;}.elementor-15951 .elementor-element.elementor-element-10efa068{text-align:center;}.elementor-15951 .elementor-element.elementor-element-10efa068 .elementor-heading-title{font-family:\"Josefin Sans\", Sans-serif;font-size:45px;font-style:italic;line-height:1.1em;color:var( --e-global-color-9f934ba );}.elementor-15951 .elementor-element.elementor-element-10efa068 > .elementor-widget-container{margin:0px 0px -7px 0px;}.elementor-15951 .elementor-element.elementor-element-2880b48f img{height:185px;object-fit:contain;object-position:center center;}.elementor-15951 .elementor-element.elementor-element-2880b48f > .elementor-widget-container{margin:-35px 0px 0px 0px;}.elementor-15951 .elementor-element.elementor-element-47a7217a > .elementor-element-populated{margin:4px 0px 0px 0px;--e-column-margin-right:0px;--e-column-margin-left:0px;}.elementor-15951 .elementor-element.elementor-element-87f4462 .elementor-icon-list-items:not(.elementor-inline-items) .elementor-icon-list-item:not(:last-child){padding-block-end:calc(6px\/2);}.elementor-15951 .elementor-element.elementor-element-87f4462 .elementor-icon-list-items:not(.elementor-inline-items) .elementor-icon-list-item:not(:first-child){margin-block-start:calc(6px\/2);}.elementor-15951 .elementor-element.elementor-element-87f4462 .elementor-icon-list-items.elementor-inline-items .elementor-icon-list-item{margin-inline:calc(6px\/2);}.elementor-15951 .elementor-element.elementor-element-87f4462 .elementor-icon-list-items.elementor-inline-items{margin-inline:calc(-6px\/2);}.elementor-15951 .elementor-element.elementor-element-87f4462 .elementor-icon-list-items.elementor-inline-items .elementor-icon-list-item:after{inset-inline-end:calc(-6px\/2);}.elementor-15951 .elementor-element.elementor-element-87f4462 .elementor-icon-list-icon i{color:var( --e-global-color-9f934ba );transition:color 0.3s;}.elementor-15951 .elementor-element.elementor-element-87f4462 .elementor-icon-list-icon svg{fill:var( --e-global-color-9f934ba );transition:fill 0.3s;}.elementor-15951 .elementor-element.elementor-element-87f4462{--e-icon-list-icon-size:13px;--icon-vertical-offset:0px;}.elementor-15951 .elementor-element.elementor-element-87f4462 .elementor-icon-list-icon{padding-inline-end:14px;}.elementor-15951 .elementor-element.elementor-element-87f4462 .elementor-icon-list-item > .elementor-icon-list-text, .elementor-15951 .elementor-element.elementor-element-87f4462 .elementor-icon-list-item > a{font-family:var( --e-global-typography-secondary-font-family ), Sans-serif;font-size:var( --e-global-typography-secondary-font-size );font-weight:var( --e-global-typography-secondary-font-weight );line-height:var( --e-global-typography-secondary-line-height );letter-spacing:var( --e-global-typography-secondary-letter-spacing );}.elementor-15951 .elementor-element.elementor-element-87f4462 .elementor-icon-list-text{color:var( --e-global-color-secondary );transition:color 0.3s;}.elementor-15951 .elementor-element.elementor-element-87f4462 > .elementor-widget-container{margin:9px 0px 30px 0px;}.elementor-15951 .elementor-element.elementor-element-40c85e5c:not(.elementor-motion-effects-element-type-background), .elementor-15951 .elementor-element.elementor-element-40c85e5c > .elementor-motion-effects-container > .elementor-motion-effects-layer{background-color:var( --e-global-color-secondary );}.elementor-15951 .elementor-element.elementor-element-40c85e5c{transition:background 0.3s, border 0.3s, border-radius 0.3s, box-shadow 0.3s;margin-top:0px;margin-bottom:0px;padding:00px 100px 0px 100px;}.elementor-15951 .elementor-element.elementor-element-40c85e5c > .elementor-background-overlay{transition:background 0.3s, border-radius 0.3s, opacity 0.3s;}.elementor-15951 .elementor-element.elementor-element-4905bf8a > .elementor-element-populated{margin:0px 0px 0px 0px;--e-column-margin-right:0px;--e-column-margin-left:0px;}.elementor-15951 .elementor-element.elementor-element-4905bf8a{z-index:2;}.elementor-15951 .elementor-element.elementor-element-30c995cd{text-align:center;font-family:\"Josefin Sans\", Sans-serif;font-size:20px;font-weight:normal;text-transform:none;font-style:normal;text-decoration:none;color:#3B585C;}.elementor-15951 .elementor-element.elementor-element-30c995cd > .elementor-widget-container{margin:0px 0px 0px 0px;padding:0px 0px 0px 0px;}.elementor-15951 .elementor-element.elementor-element-48cf8926 > .elementor-element-populated{margin:0px 0px 0px 0px;--e-column-margin-right:0px;--e-column-margin-left:0px;}.elementor-15951 .elementor-element.elementor-element-48cf8926{z-index:2;}.elementor-15951 .elementor-element.elementor-element-3e5ad620{text-align:center;font-family:\"Josefin Sans\", Sans-serif;font-size:20px;font-weight:normal;text-transform:none;font-style:normal;text-decoration:none;color:#3B585C;}.elementor-15951 .elementor-element.elementor-element-3e5ad620 > .elementor-widget-container{margin:0px 0px 0px 0px;padding:0px 0px 0px 0px;}:root{--page-title-display:none;}@media(min-width:768px){.elementor-15951 .elementor-element.elementor-element-919534b{width:44.552%;}.elementor-15951 .elementor-element.elementor-element-5934ed80{width:16.519%;}.elementor-15951 .elementor-element.elementor-element-47a7217a{width:38.262%;}}@media(max-width:1024px){.elementor-15951 .elementor-element.elementor-element-1afa2efc{padding:0px 100px 0px 100px;}.elementor-15951 .elementor-element.elementor-element-5e503502 > .elementor-element-populated{padding:155px 40px 135px 40px;}.elementor-15951 .elementor-element.elementor-element-87f4462 .elementor-icon-list-item > .elementor-icon-list-text, .elementor-15951 .elementor-element.elementor-element-87f4462 .elementor-icon-list-item > a{font-size:var( --e-global-typography-secondary-font-size );line-height:var( --e-global-typography-secondary-line-height );letter-spacing:var( --e-global-typography-secondary-letter-spacing );}.elementor-15951 .elementor-element.elementor-element-4905bf8a > .elementor-element-populated{margin:80px 0px 0px 20px;--e-column-margin-right:0px;--e-column-margin-left:20px;}.elementor-15951 .elementor-element.elementor-element-48cf8926 > .elementor-element-populated{margin:80px 0px 0px 20px;--e-column-margin-right:0px;--e-column-margin-left:20px;}}@media(max-width:767px){.elementor-15951 .elementor-element.elementor-element-1afa2efc{padding:0px 10px 0px 10px;}.elementor-15951 .elementor-element.elementor-element-5e503502 > .elementor-element-populated{padding:150px 10px 135px 10px;}.elementor-15951 .elementor-element.elementor-element-10efa068{text-align:center;}.elementor-15951 .elementor-element.elementor-element-87f4462 .elementor-icon-list-item > .elementor-icon-list-text, .elementor-15951 .elementor-element.elementor-element-87f4462 .elementor-icon-list-item > a{font-size:var( --e-global-typography-secondary-font-size );line-height:var( --e-global-typography-secondary-line-height );letter-spacing:var( --e-global-typography-secondary-letter-spacing );}.elementor-15951 .elementor-element.elementor-element-87f4462 > .elementor-widget-container{margin:0px 0px -13px 0px;}.elementor-15951 .elementor-element.elementor-element-4905bf8a > .elementor-element-populated{margin:80px 10px 0px 10px;--e-column-margin-right:10px;--e-column-margin-left:10px;}.elementor-15951 .elementor-element.elementor-element-30c995cd > .elementor-widget-container{margin:0px 0px 0px 0px;}.elementor-15951 .elementor-element.elementor-element-48cf8926 > .elementor-element-populated{margin:80px 10px 0px 10px;--e-column-margin-right:10px;--e-column-margin-left:10px;}.elementor-15951 .elementor-element.elementor-element-3e5ad620 > .elementor-widget-container{margin:0px 0px 0px 0px;}}@media(min-width:1025px){.elementor-15951 .elementor-element.elementor-element-1afa2efc:not(.elementor-motion-effects-element-type-background), .elementor-15951 .elementor-element.elementor-element-1afa2efc > .elementor-motion-effects-container > .elementor-motion-effects-layer{background-attachment:fixed;}}<\/style>\t\t<div data-elementor-type=\"wp-page\" data-elementor-id=\"15951\" class=\"elementor elementor-15951\">\n\t\t\t\t\t\t<section class=\"elementor-section elementor-top-section elementor-element elementor-element-563970e9 elementor-section-boxed elementor-section-height-default elementor-section-height-default\" data-id=\"563970e9\" data-element_type=\"section\" data-e-type=\"section\">\n\t\t\t\t\t\t<div class=\"elementor-container elementor-column-gap-default\">\n\t\t\t\t\t<div class=\"elementor-column elementor-col-100 elementor-top-column elementor-element elementor-element-1b483cfa\" data-id=\"1b483cfa\" data-element_type=\"column\" data-e-type=\"column\">\n\t\t\t<div class=\"elementor-widget-wrap\">\n\t\t\t\t\t\t\t<\/div>\n\t\t<\/div>\n\t\t\t\t\t<\/div>\n\t\t<\/section>\n\t\t\t\t<section class=\"elementor-section elementor-top-section elementor-element elementor-element-1afa2efc elementor-section-boxed elementor-section-height-default elementor-section-height-default\" data-id=\"1afa2efc\" data-element_type=\"section\" data-e-type=\"section\" data-settings=\"{&quot;background_background&quot;:&quot;classic&quot;}\">\n\t\t\t\t\t\t<div class=\"elementor-container elementor-column-gap-default\">\n\t\t\t\t\t<div class=\"elementor-column elementor-col-100 elementor-top-column elementor-element elementor-element-5e503502\" data-id=\"5e503502\" data-element_type=\"column\" data-e-type=\"column\" data-settings=\"{&quot;background_background&quot;:&quot;classic&quot;}\">\n\t\t\t<div class=\"elementor-widget-wrap elementor-element-populated\">\n\t\t\t\t\t\t<div class=\"elementor-element elementor-element-103f9a1d elementor-widget elementor-widget-heading\" data-id=\"103f9a1d\" data-element_type=\"widget\" data-e-type=\"widget\" data-widget_type=\"heading.default\">\n\t\t\t\t<div class=\"elementor-widget-container\">\n\t\t\t\t\t<h2 class=\"elementor-heading-title elementor-size-xxl\">Arbeitsweise<\/h2>\t\t\t\t<\/div>\n\t\t\t\t<\/div>\n\t\t\t\t<div class=\"elementor-element elementor-element-60992b10 elementor-widget elementor-widget-spacer\" data-id=\"60992b10\" data-element_type=\"widget\" data-e-type=\"widget\" data-widget_type=\"spacer.default\">\n\t\t\t\t<div class=\"elementor-widget-container\">\n\t\t\t\t\t\t\t<div class=\"elementor-spacer\">\n\t\t\t<div class=\"elementor-spacer-inner\"><\/div>\n\t\t<\/div>\n\t\t\t\t\t\t<\/div>\n\t\t\t\t<\/div>\n\t\t\t\t<div class=\"elementor-element elementor-element-aa6bf4b elementor-widget elementor-widget-text-editor\" data-id=\"aa6bf4b\" data-element_type=\"widget\" data-e-type=\"widget\" data-widget_type=\"text-editor.default\">\n\t\t\t\t<div class=\"elementor-widget-container\">\n\t\t\t\t\t\t\t\t\t<p>Energiemedizin bedeutet, dass ich mich mit der Vorgeschichte des jeweiligen Tieres befasse und es auf Blockaden, F\u00fclle oder Mangelzust\u00e4nde im Energiefluss austeste oder untersuche.\u00a0<span style=\"background-color: var( --e-global-color-primary ); letter-spacing: 0.7px;\">Mir stehen zum Beispiel folgende energetische Hilfsmittel zur Verf\u00fcgung: der Tensor, die K\u00f6rper- und Energiesystem-Befragung (u.a.\u00a0 Scanning, Bodytalk), Tierkommunikation und die Biofeedback-Technik (Puls, Atmung, Muskelanspannung, Haut und Temperatur). Anhand dieser gesamten energetischen Analyse erfolgt dann die Behandlung.<\/span><\/p>\t\t\t\t\t\t\t\t<\/div>\n\t\t\t\t<\/div>\n\t\t\t\t<div class=\"elementor-element elementor-element-6be8221f elementor-widget elementor-widget-image\" data-id=\"6be8221f\" data-element_type=\"widget\" data-e-type=\"widget\" data-widget_type=\"image.default\">\n\t\t\t\t<div class=\"elementor-widget-container\">\n\t\t\t\t\t\t\t\t\t\t\t\t\t\t\t<img fetchpriority=\"high\" decoding=\"async\" width=\"837\" height=\"76\" src=\"https:\/\/tierbalance.tularis.ch\/wp-content\/uploads\/2023\/03\/about-line.png\" class=\"attachment-full size-full wp-image-13716\" alt=\"\" srcset=\"https:\/\/tierbalance.tularis.ch\/wp-content\/uploads\/2023\/03\/about-line.png 837w, https:\/\/tierbalance.tularis.ch\/wp-content\/uploads\/2023\/03\/about-line-600x54.png 600w, https:\/\/tierbalance.tularis.ch\/wp-content\/uploads\/2023\/03\/about-line-300x27.png 300w, https:\/\/tierbalance.tularis.ch\/wp-content\/uploads\/2023\/03\/about-line-768x70.png 768w\" sizes=\"(max-width: 837px) 100vw, 837px\" \/>\t\t\t\t\t\t\t\t\t\t\t\t\t\t\t<\/div>\n\t\t\t\t<\/div>\n\t\t\t\t<div class=\"elementor-element elementor-element-45f69110 elementor-widget elementor-widget-text-editor\" data-id=\"45f69110\" data-element_type=\"widget\" data-e-type=\"widget\" data-widget_type=\"text-editor.default\">\n\t\t\t\t<div class=\"elementor-widget-container\">\n\t\t\t\t\t\t\t\t\t<p>Ich arbeite unteranderem mit dem Wissen rund um die Traditionelle Chinesische Medizin und der fern\u00f6stlichen Chakrenlehre. Das Meridiansystem, die dazugeh\u00f6renden energetischen \u00dcbermittlungspunkte sowie die Krankheitsindizien die in den jeweiligen Meridianleitbahnen und Chakren verankert sind, helfen bei der energetischen Analyse und individuellen Behandlung.<\/p><p>Durch die Ausbildung zur Dipl. Kinesiologin nutze ich ebenfalls das Fachwissen aus der Tiermedizin um dich und deinen tierischen Begleiter bestm\u00f6glichst zu unterst\u00fctzen.<\/p>\t\t\t\t\t\t\t\t<\/div>\n\t\t\t\t<\/div>\n\t\t\t\t\t<\/div>\n\t\t<\/div>\n\t\t\t\t\t<\/div>\n\t\t<\/section>\n\t\t\t\t<section class=\"elementor-section elementor-top-section elementor-element elementor-element-25d79be1 elementor-section-boxed elementor-section-height-default elementor-section-height-default\" data-id=\"25d79be1\" data-element_type=\"section\" data-e-type=\"section\" data-settings=\"{&quot;background_background&quot;:&quot;classic&quot;}\">\n\t\t\t\t\t\t<div class=\"elementor-container elementor-column-gap-default\">\n\t\t\t\t\t<div class=\"elementor-column elementor-col-100 elementor-top-column elementor-element elementor-element-3a6248db\" data-id=\"3a6248db\" data-element_type=\"column\" data-e-type=\"column\">\n\t\t\t<div class=\"elementor-widget-wrap elementor-element-populated\">\n\t\t\t\t\t\t<section class=\"elementor-section elementor-inner-section elementor-element elementor-element-6cc499d elementor-section-boxed elementor-section-height-default elementor-section-height-default\" data-id=\"6cc499d\" data-element_type=\"section\" data-e-type=\"section\">\n\t\t\t\t\t\t<div class=\"elementor-container elementor-column-gap-default\">\n\t\t\t\t\t<div class=\"elementor-column elementor-col-33 elementor-inner-column elementor-element elementor-element-919534b\" data-id=\"919534b\" data-element_type=\"column\" data-e-type=\"column\">\n\t\t\t<div class=\"elementor-widget-wrap elementor-element-populated\">\n\t\t\t\t\t\t<div class=\"elementor-element elementor-element-3e391419 elementor-widget elementor-widget-spacer\" data-id=\"3e391419\" data-element_type=\"widget\" data-e-type=\"widget\" data-widget_type=\"spacer.default\">\n\t\t\t\t<div class=\"elementor-widget-container\">\n\t\t\t\t\t\t\t<div class=\"elementor-spacer\">\n\t\t\t<div class=\"elementor-spacer-inner\"><\/div>\n\t\t<\/div>\n\t\t\t\t\t\t<\/div>\n\t\t\t\t<\/div>\n\t\t\t\t<div class=\"elementor-element elementor-element-10efa068 elementor-widget elementor-widget-heading\" data-id=\"10efa068\" data-element_type=\"widget\" data-e-type=\"widget\" data-widget_type=\"heading.default\">\n\t\t\t\t<div class=\"elementor-widget-container\">\n\t\t\t\t\t<h2 class=\"elementor-heading-title elementor-size-default\">Tierbalance Tularis\nSandra<\/h2>\t\t\t\t<\/div>\n\t\t\t\t<\/div>\n\t\t\t\t\t<\/div>\n\t\t<\/div>\n\t\t\t\t<div class=\"elementor-column elementor-col-33 elementor-inner-column elementor-element elementor-element-5934ed80\" data-id=\"5934ed80\" data-element_type=\"column\" data-e-type=\"column\">\n\t\t\t<div class=\"elementor-widget-wrap elementor-element-populated\">\n\t\t\t\t\t\t<div class=\"elementor-element elementor-element-2880b48f elementor-widget elementor-widget-image\" data-id=\"2880b48f\" data-element_type=\"widget\" data-e-type=\"widget\" data-widget_type=\"image.default\">\n\t\t\t\t<div class=\"elementor-widget-container\">\n\t\t\t\t\t\t\t\t\t\t\t\t\t\t\t<img decoding=\"async\" width=\"28\" height=\"535\" src=\"https:\/\/tierbalance.tularis.ch\/wp-content\/uploads\/2023\/03\/line-5.png\" class=\"attachment-full size-full wp-image-13821\" alt=\"\" \/>\t\t\t\t\t\t\t\t\t\t\t\t\t\t\t<\/div>\n\t\t\t\t<\/div>\n\t\t\t\t\t<\/div>\n\t\t<\/div>\n\t\t\t\t<div class=\"elementor-column elementor-col-33 elementor-inner-column elementor-element elementor-element-47a7217a\" data-id=\"47a7217a\" data-element_type=\"column\" data-e-type=\"column\">\n\t\t\t<div class=\"elementor-widget-wrap elementor-element-populated\">\n\t\t\t\t\t\t<div class=\"elementor-element elementor-element-87f4462 elementor-list-item-link-full_width elementor-widget elementor-widget-icon-list\" data-id=\"87f4462\" data-element_type=\"widget\" data-e-type=\"widget\" data-widget_type=\"icon-list.default\">\n\t\t\t\t<div class=\"elementor-widget-container\">\n\t\t\t\t\t\t\t<ul class=\"elementor-icon-list-items\">\n\t\t\t\t\t\t\t<li class=\"elementor-icon-list-item\">\n\t\t\t\t\t\t\t\t\t\t\t<span class=\"elementor-icon-list-icon\">\n\t\t\t\t\t\t\t<i aria-hidden=\"true\" class=\"far fa-envelope\"><\/i>\t\t\t\t\t\t<\/span>\n\t\t\t\t\t\t\t\t\t\t<span class=\"elementor-icon-list-text\">info@tularis.ch<\/span>\n\t\t\t\t\t\t\t\t\t<\/li>\n\t\t\t\t\t\t\t\t<li class=\"elementor-icon-list-item\">\n\t\t\t\t\t\t\t\t\t\t\t<span class=\"elementor-icon-list-icon\">\n\t\t\t\t\t\t\t<i aria-hidden=\"true\" class=\"fas fa-location-arrow\"><\/i>\t\t\t\t\t\t<\/span>\n\t\t\t\t\t\t\t\t\t\t<span class=\"elementor-icon-list-text\">Am Wald 36, 2504 Biel<\/span>\n\t\t\t\t\t\t\t\t\t<\/li>\n\t\t\t\t\t\t\t\t<li class=\"elementor-icon-list-item\">\n\t\t\t\t\t\t\t\t\t\t\t<span class=\"elementor-icon-list-icon\">\n\t\t\t\t\t\t\t<i aria-hidden=\"true\" class=\"fas fa-mobile-alt\"><\/i>\t\t\t\t\t\t<\/span>\n\t\t\t\t\t\t\t\t\t\t<span class=\"elementor-icon-list-text\">+41 76 365 82 28<\/span>\n\t\t\t\t\t\t\t\t\t<\/li>\n\t\t\t\t\t\t<\/ul>\n\t\t\t\t\t\t<\/div>\n\t\t\t\t<\/div>\n\t\t\t\t\t<\/div>\n\t\t<\/div>\n\t\t\t\t\t<\/div>\n\t\t<\/section>\n\t\t\t\t\t<\/div>\n\t\t<\/div>\n\t\t\t\t\t<\/div>\n\t\t<\/section>\n\t\t\t\t<section class=\"elementor-section elementor-top-section elementor-element elementor-element-40c85e5c elementor-section-boxed elementor-section-height-default elementor-section-height-default\" data-id=\"40c85e5c\" data-element_type=\"section\" data-e-type=\"section\" data-settings=\"{&quot;background_background&quot;:&quot;classic&quot;}\">\n\t\t\t\t\t\t<div class=\"elementor-container elementor-column-gap-default\">\n\t\t\t\t\t<div class=\"elementor-column elementor-col-50 elementor-top-column elementor-element elementor-element-4905bf8a\" data-id=\"4905bf8a\" data-element_type=\"column\" data-e-type=\"column\">\n\t\t\t<div class=\"elementor-widget-wrap elementor-element-populated\">\n\t\t\t\t\t\t<div class=\"elementor-element elementor-element-30c995cd elementor-widget elementor-widget-text-editor\" data-id=\"30c995cd\" data-element_type=\"widget\" data-e-type=\"widget\" data-widget_type=\"text-editor.default\">\n\t\t\t\t<div class=\"elementor-widget-container\">\n\t\t\t\t\t\t\t\t\t<p>\u00a9 2023 Tierbalance Tularis<\/p>\t\t\t\t\t\t\t\t<\/div>\n\t\t\t\t<\/div>\n\t\t\t\t\t<\/div>\n\t\t<\/div>\n\t\t\t\t<div class=\"elementor-column elementor-col-50 elementor-top-column elementor-element elementor-element-48cf8926\" data-id=\"48cf8926\" data-element_type=\"column\" data-e-type=\"column\">\n\t\t\t<div class=\"elementor-widget-wrap elementor-element-populated\">\n\t\t\t\t\t\t<div class=\"elementor-element elementor-element-3e5ad620 elementor-widget elementor-widget-text-editor\" data-id=\"3e5ad620\" data-element_type=\"widget\" data-e-type=\"widget\" data-widget_type=\"text-editor.default\">\n\t\t\t\t<div class=\"elementor-widget-container\">\n\t\t\t\t\t\t\t\t\t<p><a href=\"https:\/\/tierbalance.tularis.ch\/?page_id=16297\"><em>Datenschutz<\/em><\/a><\/p>\t\t\t\t\t\t\t\t<\/div>\n\t\t\t\t<\/div>\n\t\t\t\t\t<\/div>\n\t\t<\/div>\n\t\t\t\t\t<\/div>\n\t\t<\/section>\n\t\t\t\t<\/div>\n\t\t","protected":false},"excerpt":{"rendered":"<p>Arbeitsweise Energiemedizin bedeutet, dass ich mich mit der Vorgeschichte des jeweiligen Tieres befasse und es auf Blockaden, F\u00fclle oder Mangelzust\u00e4nde im Energiefluss austeste oder untersuche.\u00a0Mir stehen zum Beispiel folgende energetische Hilfsmittel zur Verf\u00fcgung: der Tensor, die K\u00f6rper- und Energiesystem-Befragung (u.a.\u00a0 Scanning, Bodytalk), Tierkommunikation und die Biofeedback-Technik (Puls, Atmung, Muskelanspannung, Haut und Temperatur). Anhand dieser gesamten [&hellip;]<\/p>\n","protected":false},"author":1,"featured_media":0,"parent":0,"menu_order":0,"comment_status":"closed","ping_status":"closed","template":"","meta":{"footnotes":""},"class_list":["post-15951","page","type-page","status-publish","hentry"],"_links":{"self":[{"href":"https:\/\/tierbalance.tularis.ch\/index.php?rest_route=\/wp\/v2\/pages\/15951","targetHints":{"allow":["GET"]}}],"collection":[{"href":"https:\/\/tierbalance.tularis.ch\/index.php?rest_route=\/wp\/v2\/pages"}],"about":[{"href":"https:\/\/tierbalance.tularis.ch\/index.php?rest_route=\/wp\/v2\/types\/page"}],"author":[{"embeddable":true,"href":"https:\/\/tierbalance.tularis.ch\/index.php?rest_route=\/wp\/v2\/users\/1"}],"replies":[{"embeddable":true,"href":"https:\/\/tierbalance.tularis.ch\/index.php?rest_route=%2Fwp%2Fv2%2Fcomments&post=15951"}],"version-history":[{"count":58,"href":"https:\/\/tierbalance.tularis.ch\/index.php?rest_route=\/wp\/v2\/pages\/15951\/revisions"}],"predecessor-version":[{"id":16410,"href":"https:\/\/tierbalance.tularis.ch\/index.php?rest_route=\/wp\/v2\/pages\/15951\/revisions\/16410"}],"wp:attachment":[{"href":"https:\/\/tierbalance.tularis.ch\/index.php?rest_route=%2Fwp%2Fv2%2Fmedia&parent=15951"}],"curies":[{"name":"wp","href":"https:\/\/api.w.org\/{rel}","templated":true}]}}